) to base 15
-12194
Convert -2aa32a (base 13) to base 11.
-658460
What is -447a594 (base 11) in base 4?
-131323300221
Convert -21354100 (base 6) to base 12.
-268930
-5405166 (base 7) to base 4
-2200132011
Convert 110001001011011001100000 (base 2) to base 10.
12891744
What is -53663 (base 10) in base 16?
-d19f
What is -134314 (base 13) in base 4?
-1301311300
12220020210021 (base 3) to base 5
1300301140
Convert -1845b52 (base 12) to base 11.
-2953083
What is -113662 (base 12) in base 6?
-5524202
Convert 1010023211 (base 4) to base 13.
9a163
What is -2fd5f (base 16) in base 8?
-576537
Convert 14511626 (base 8) to base 7.
40113335
What is 75436 (base 14) in base 4?
1011031020
Convert -1230954 (base 10) to base 15.
-194ad9
332735 (base 10) to base 2
1010001001110111111
Convert -48a238 (base 16) to base 12.
-1716848
-29d2a (base 16) to base 2
-101001110100101010
What is -1182667 (base 9) in base 12?
-271307
Convert -2343234 (base 10) to base 7.
-25626405
-12321122404 (base 5) to base 10
-15020354
What is -32323003101 (base 4) in base 7?
-45151632
Convert 122222101010 (base 3) to base 2.
1010110011000101110
-24240044 (base 5) to base 11
-145a40
What is -322200 (base 6) in base 7?
-140016
Convert 7346 (base 9) to base 14.
1d6c
-1a226 (base 14) to base 3
-10100220220
What is 15c79a (base 16) in base 13?
3ac8b6
-3250054 (base 6) to base 9
-266237
What is 36203541 (base 7) in base 2?
1100010000000010110000
-11012112322 (base 4) to base 14
-26b230
Convert 1011011101001101011 (base 2) to base 6.
12013551
626954 (base 10) to base 6
21234322
95341 (base 10) to base 15
1d3b1
Convert -347506 (base 13) to base 14.
-2456a5
What is -8876bc (base 13) in base 4?
-30101000110
What is 2105145 (base 8) in base 9?
1042707
-2c13f (base 16) to base 13
-6423c
What is -138400 (base 16) in base 10?
-1278976
-328621 (base 9) to base 14
-51914
Convert -183d7 (base 16) to base 12.
-4955b
Convert -35b0c (base 14) to base 11.
-8a585
What is 6c3b2 (base 13) in base 9?
332114
What is 4450465 (base 8) in base 11?
74a9a7
What is 5b09 (base 14) in base 5?
1002020
-2447a42 (base 11) to base 9
-8006683
Convert 41912 (base 12) to base 9.
140845
-147553 (base 15) to base 10
-986703
Convert 486724 (base 11) to base 8.
2740217
Convert 2857564 (base 13) to base 10.
12783073
Convert -431081 (base 10) to base 16.
-693e9
What is 19145723 (base 10) in base 7?
321510302
What is 1914 (base 13) in base 16?
e97
What is 604227 (base 13) in base 8?
10420765
Convert 63454 (base 7) to base 11.
10856
Convert 1067a0a (base 11) to base 14.
369676
Convert -66230 (base 9) to base 11.
-30006
What is -12e6d8 (base 15) in base 10?
-909428
53626053 (base 7) to base 5
2133002102
Convert 204362 (base 8) to base 12.
33302
What is -2725a (base 13) in base 12?
-36242
-68310 (base 15) to base 4
-1100322300
-430890 (base 13) to base 8
-5776744
What is -4a786 (base 15) in base 12?
-b5853
Convert -1000101142 (base 5) to base 10.
-1956422
What is -4164bb (base 15) in base 3?
-12211222100212
190241 (base 10) to base 16
2e721
What is 110207 (base 9) in base 3?
10100020021
What is -9609a (base 14) in base 7?
-3036253
Convert -966696 (base 10) to base 3.
-1211010001120
What is -3507438 (base 9) in base 11?
-1084845
What is -10110001001101111 (base 2) in base 14?
-250d1
What is 274586 (base 10) in base 15?
5655b
Convert -320113100 (base 4) to base 7.
-1651034
Convert -2951095 (base 10) to base 4.
-23100132313
Convert -449655 (base 15) to base 6.
-154043125
-b0e2a (base 15) to base 3
-1001110021011
Convert 153716 (base 12) to base 14.
94a30
134a38 (base 12) to base 9
536158
Convert -31111 (base 10) to base 3.
-1120200021
Convert -24013232 (base 5) to base 15.
-451e7
What is -12404323243 (base 5) in base 8?
-72312254
44279 (base 16) to base 13
9a0ac
What is 430525 (base 8) in base 5?
14044301
Convert -c0063 (base 14) to base 4.
-1300210113
What is 245859 (base 10) in base 13?
87ba3
Convert 82544 (base 14) to base 3.
120221112022
What is 303367 (base 8) in base 14?
28691
What is ac7b09 (base 13) in base 8?
17422715
-57db9 (base 14) to base 2
-110100001111101111
2331203142 (base 5) to base 9
11030862
-23300313311 (base 4) to base 13
-83c819
-23247837 (base 9) to base 15
-ed635d
What is 371314 (base 9) in base 2?
110110101100111011
Convert -16430 (base 12) to base 9.
-47450
Convert -5161002 (base 7) to base 5.
-124313203
Convert 21020000 (base 5) to base 12.
84231
Convert -7326a9 (base 13) to base 4.
-22100303221
-10100001010011001 (base 2) to base 8
-241231
125403166 (base 7) to base 6
444534034
3160484 (base 9) to base 10
1693138
Convert 7627237 (base 9) to base 13.
b03b9c
Convert 13160343 (base 7) to base 5.
302123011
Convert -110202001321 (base 4) to base 8.
-24420171
Convert -111b16c (base 14) to base 6.
-450215500
-115990 (base 12) to base 2
-1000100010000111100
94077 (base 12) to base 4
233101123
What is -5025c (base 16) in base 7?
-2535045
-3516872 (base 10) to base 13
-9619b8
Convert -11111001110101011 (base 2) to base 4.
-133032223
What is 2c2ba1 (base 13) in base 16?
10a876
What is 1960506 (base 11) in base 10?
3309477
-31322232 (base 4) to base 15
-11d56
What is -121361 (base 7) in base 15?
-6862
Convert 101101110011000001101101 (base 2) to base 6.
1105152541
What is -1333121411 (base 5) in base 13?
-925677
2876d (base 16) to base 14
44589
Convert -11010111111001111000 (base 2) to base 3.
-1122221002111
Convert -1010001000101 (base 2) to base 7.
-21062
2103414430 (base 5) to base 10
4357490
What is -32115223 (base 8) in base 3?
-110220021201120
-385453 (base 9) to base 6
-5001420
-2110215 (base 7) to base 9
-427236
What is 223048 (base 11) in base 15?
704a4
Convert 72e3e8 (base 16) to base 10.
7529448
Convert 3332024 (base 7) to base 8.
1443213
What is 11011011111001101111 (base 2) in base 13?
256c91
Convert 203310320130 (base 4) to base 7.
142553613
What is -18b70 (base 16) in base 11?
-6a06a
Convert 4484810 (base 10) to base 4.
101012323022
-1001251 (base 6) to base 2
-1011011101111111
Convert 3b99c7 (base 16) to base 14.
739675
Convert -6869b (base 13) to base 11.
-11a8a4
Convert 3a026 (base 15) to base 10.
185661
Convert 11000010000001100110 (base 2) to base 6.
25011142
Convert -34444656 (base 7) to base 13.
-819657
Convert -2206231 (base 7) to base 13.
-96511
Convert 2020121110111 (base 3) to base 15.
188721
Convert 1234011113 (base 5) to base 12.
1022795
-3311012101 (base 5) to base 9
-14360807
What is 11445 (base 12) in base 14?
85b7
Convert 452c51 (base 13) to base 6.
55010545
What is 116248 (base 11) in base 12?
8a570
What is -251217 (base 8) in base 10?
-86671
Convert -112231 (base 6) to base 15.
-2c9a
What is 1157113 (base 9) in base 13?
1900b6
Convert -a386cc (base 15) to base 9.
-15558133
Convert 53806 (base 10) to base 2.
1101001000101110
11112100 (base 4) to base 7
120601
What is 11426 (base 7) in base 16?
b90
-313103520 (base 6) to base 3
-101021202211010
Convert -1002220201112202 (base 3) to base 7.
-252064052
Convert -2042113 (base 7) to base 8.
-737617
What is -2b1b0a (base 12) in base 2?
-10110001111111111010
2276b (base 12) to base 15
d97e
-5205336 (base 7) to base 13
-18aba8
-3341216 (base 7) to base 5
-101212201
What is -6003163 (base 7) in base 2?
-10101100100111001001
Convert -100101001011111100000 (base 2) to base 10.
-1218528
Convert 110101010011101011011011 (base 2) to base 15.
13607aa
Convert 4665550 (base 7) to base 2.
10001111100000111111
Convert -23333220033 (base 4) to base 8.
-13775017
2b71ba2 (base 13) to base 3
222020022202202
Convert -20122200210 (base 3) to base 13.
-4781a
What is 73393 (base 10) in base 16?
11eb1
45b673 (base 12) to base 11
6a4773
-3793 (base 12) to base 10
-6303
Convert 23213022131 (base 4) to base 7.
34605425
What is 312301300233 (base 4) in base 8?
66616057
What is -100001000001100100110 (base 2) in base 9?
-2028378
What is 6951 (base 13) in base 11?
10107
-120755 (base 11) to base 3
-100201022222
What is -11000111011000011110000 (base 2) in base 13?
-14799c2
What is 125600514 (base 7) in base 2?
11110111001110101101110
Convert -6513462 (base 8) to base 13.
-490265
-132143030 (base 6) to base 16
-28133a
What is -58243 (base 10) in base 8?
-161603
Convert -104034300 (base 5) to base 13.
-12c493
What is 1444545 (base 7) in base 13?
6b370
What is -70646 (base